-- https://www.phpmyadmin.net/
--

START TRANSACTION;



--
-- Database: `itfoster_meditation`
--

-- --------------------------------------------------------

--
-- Stand-in structure for view `active_categories`
-- (See below for the actual view)
--
CREATE TABLE `active_categories` (
`maxcategory` bigint(21)
,`title` varchar(255)
,`session_id` int(11)
,`time_save` timestamp
);

-- --------------------------------------------------------

--
-- Table structure for table `itf_feedbacks`
--

CREATE TABLE `itf_feedbacks` (
  `id` bigint(20) NOT NULL,
  `from_email` char(255) CHARACTER SET latin1 NOT NULL,
  `feedback` text CHARACTER SET utf8 COLLATE utf8_bin NOT NULL,
  `replied` tinyint(4) NOT NULL DEFAULT '0',
  `loggeddate` timestamp NOT NULL DEFAULT CURRENT_TIMESTAMP
) ENGINE=MyISAM DEFAULT CHARSET=utf8 COLLATE=utf8_unicode_ci;

--
-- Dumping data for table `itf_feedbacks`
--

INSERT INTO `itf_feedbacks` (`id`, `from_email`, `feedback`, `replied`, `loggeddate`) VALUES
(1, 'rish.rnthundr@gmail.com', '\0The app is good but according to me there are two problems..\n1) The guides voice and its quality.\n2) The Audio shows stop automatically         \n      but the audio running in   \n      background. ', 0, '2018-11-12 12:55:57'),
(2, 'nsingh.niraj@gmail.com', '\0Excellent Meditation App\n\nthis app taught me to do meditation in step by step mode ', 0, '2018-11-12 16:35:56'),
(3, 'yasgwantsahu1999@gmail.com', '\0???????? ?? ?????? ???? ????? ?? ????? ?????? ???? ??', 0, '2018-11-13 07:45:45'),
(4, 'pravas.laba@gmail.com', '\0day 2', 0, '2018-11-14 00:45:53'),
(18, 'navnathdukare@gmail.com', 'Best aap', 0, '2018-11-29 02:52:13'),
(12, 'gt9992683@gmail.com', 'sir mere ko basic 6 me dimag pe deye ka anubhv nhi ho rha tu me kya kro', 0, '2018-11-18 14:05:58'),
(13, 'pragatip365@gmail.com', 'Reminder', 0, '2018-11-18 15:20:51'),
(14, 'abhikochale555@gmail.com', 'nice', 0, '2018-11-20 14:10:36'),
(15, 'razably78692@gmail.com', 'sleep 3 not show', 0, '2018-11-24 19:55:13'),
(16, 'ssibu7609@gmail.com', 'my mind is full Disstrub please help me\n\n', 0, '2018-11-25 15:16:00'),
(17, 'harshk2296@gmail.com', 'Nice app', 0, '2018-11-26 21:09:54'),
(19, 'anandbire121@gmail.com', 'best', 0, '2018-12-03 16:46:52'),
(20, 'satyamguptaji778@gmail.com', 'awsmm ', 0, '2018-12-07 08:31:33'),
(21, 'anoojpatil56@gmail.com', 'nice video \n????', 0, '2018-12-11 04:47:09'),
(22, 'surajdewangan720@gmail.com', 'good\n', 0, '2018-12-11 13:54:06'),
(23, 'ganeshbs48@gmail.com', 'very good\n', 0, '2018-12-13 18:33:29'),
(24, 'nitinthebestagarwal@gmail.com', 'superb', 0, '2018-12-21 01:17:21'),
(25, 'dixitshah1020@gmail.com', 'please send health meditration  \n', 0, '2018-12-25 01:14:18'),
(26, 'nitinthebestagarwal@gmail.com', 'very good app', 0, '2018-12-25 02:29:03'),
(27, 'soumyajitbarik2018@gmail.com', 'I have a problem, the app is automatically stop when the meditation is running, so I can\'t focus on meditation.', 0, '2018-12-25 04:52:55'),
(28, 'mmmmmm25797@gmail.com', 'upload new meditation\n', 0, '2018-12-31 05:47:39'),
(29, 'sir.wasif@gmail.com', 'salam sir..\nsir aap is main bar bar ye keh rae hain k 30 ya 10 Days ka course hai.. lekin is main srif 1 hi din hain.. baqi days nhi hain.. to wo kaha se milega. aur handfree laga k mediation kro ya without handfree karna hain.. aur sir mje pale white skin k chahiye.. main 2 saal se meditation wagera kr rha o. koi result nhi mila hai. balke meri skin aur bhi black hi gai hai.. please help what should i do. i am waiting for ur reply..', 0, '2019-01-07 10:53:01'),
(30, 'sir.wasif@gmail.com', 'salam sir..\nsir aap is main bar bar ye keh rae hain k 30 ya 10 Days ka course hai.. lekin is main srif 1 hi din hain.. baqi days nhi hain.. to wo kaha se milega. aur handfree laga k mediation kro ya without handfree karna hain.. aur sir mje pale white skin k chahiye.. main 2 saal se meditation wagera kr rha o. koi result nhi mila hai. balke meri skin aur bhi black hi gai hai.. please help what should i do. i am waiting for ur reply..', 0, '2019-01-07 10:53:25'),
(31, 'sir.wasif@gmail.com', 'aap ka jawab mje ab tk bhi nhi mila. please give me reply which i asked u question..', 0, '2019-01-08 05:08:22'),
(32, 'sir.wasif@gmail.com', '.', 0, '2019-01-08 05:08:32'),
(33, 'tejashreethakur029@gmail.com', '3 ????? ?? ??? ??? ???? ?? ???? ????', 0, '2019-01-11 07:31:24'),
(34, 'madhu23.ag@gmail.com', 'very good', 0, '2019-01-11 08:43:56'),
(35, 'madhu23.ag@gmail.com', 'very good', 0, '2019-01-11 08:44:09'),
(36, 'vijayhada1979@gmail.com', 'it\'s really great\n', 0, '2019-01-12 17:42:36'),
(37, 'sahistabhopal@gmail.com', 'likely ', 0, '2019-01-15 04:16:33'),
(38, 'madhavaryal500@gmail.com', 'i like your app', 0, '2019-01-19 04:59:04'),
(39, 'shubhameshram213.com@gmail.com', 'useful', 0, '2019-01-19 15:15:40'),
(40, 'gghanshyamdas@gmail.com', 'GHANSHYAM DAS GUJRATI ', 0, '2019-01-23 17:29:17'),
(41, 'mayanknamdeo1@gmail.com', 'The app keeps crashing when i click on any training be it basic, sleep etc.. ', 0, '2019-01-24 18:10:39'),
(42, 'kcag59@gmail.com', 'I am very happy but 15 to 30 apisod not losing\nplease help me ', 0, '2019-01-25 06:18:14'),
(43, 'kcag59@gmail.com', 'I am very happy but not loding15 to \n30 days', 0, '2019-01-25 06:20:05'),
(44, 'drrekhaym@gmail.com', 'Excellent meditation app \nreally enjoyed it. ', 0, '2019-01-25 14:57:34'),
(45, 'kcag59@gmail.com', 'I\'m happy', 0, '2019-01-26 10:55:45'),
(46, 'kcag59@gmail.com', 'I\'m very happy', 0, '2019-01-26 10:56:24'),
(47, 'sidhuvasave226@gmail.com', 'bahut achcha fil kar raha hoo. Thanks for you ', 0, '2019-01-27 07:00:11'),
(48, 'y_gulhane@rediffmail.com', 'self esteem, happiness module not working......is it a paid app... let me know\n', 0, '2019-01-28 03:26:58'),
(49, 'prajwal17022000@gmail.com', 'day 2 nahi aaya', 0, '2019-02-01 04:05:40'),
(50, 'y_gulhane@rediffmail.com', 'need update version', 0, '2019-02-12 03:47:01'),
(51, 'sonalgangwani@gmail.com', 'Good App.\nPlease add performance track records as well. ', 0, '2019-02-12 18:18:52'),
(52, 'bansal.nupur.g@gmail.com', 'superb application..I like it...\n\n', 0, '2019-02-14 09:26:21'),
(53, 'brdear514@gmail.com', 'Basic 1 not working.....  why? ', 0, '2019-02-17 16:22:33'),
(54, 'prakashsuryavanshi254@gmail.com', 'take 10 day 1\n2 minute 40 second per ruk jaata hai.', 0, '2019-02-21 15:21:32'),
(55, 'nazninwaghbakriwala536@gmail.com', 'very good ', 0, '2019-02-22 05:25:11'),
(56, 'srachna091@gmail.com', 'app is not opening', 0, '2019-02-22 13:28:40'),
(57, 'rishirajsharma7008@gmail.com', 'It\'s very nice & helpful\n', 0, '2019-02-25 18:06:04'),
(58, 'udaygadhe@gmail.com', 'Its owesome, really good', 0, '2019-03-03 07:51:20'),
(59, 'ankita.ash@gmail.com', 'keeps crashing \n', 0, '2019-03-03 15:46:14'),
(60, 'nayantiwari1977@gmail.com', 'basic 1 program don\'t goes forward to day 2\n', 0, '2019-03-08 02:17:32'),
(61, 'nayantiwari1977@gmail.com', 'basic 1 program don\'t goes forward to day 2\n', 0, '2019-03-08 02:17:38'),
(62, 'nayantiwari1977@gmail.com', 'how to step by step please explain which session first to last\n\n\n', 0, '2019-03-08 02:21:46'),
(63, 'gul.tiwari1810@gmail.com', 'very nice I feel good', 0, '2019-03-09 05:08:44'),
(64, 'himanshukwd@gmail.com', 'thnqqq vry mch....\nit is my first day...\nand it was so amazing..\nit heels my body part....\n\n', 0, '2019-03-15 20:48:12'),
(65, 'pawan993086@gmail.com', 'I created password and username but it not excepted', 0, '2019-03-16 03:22:33'),
(66, 'rkc8343@gmail.com', 'bekar app\nfack sleep', 0, '2019-03-16 21:10:19'),
(67, 'ayantikas79@gmail.com', 'really a good app', 0, '2019-03-19 06:44:51'),
(68, 'anj.sen87@gmail.com', 'nice', 0, '2019-03-23 10:01:53'),
(69, 'lotus.zedcon@gmail.com', 'Good ', 0, '2019-03-23 12:13:40'),
(70, 'sayyedshahbilal4@gmail.com', 'nice\n', 0, '2019-03-25 11:49:33'),
(71, 'mitul381@gmail.com', 'chinta', 0, '2019-03-27 09:41:37'),
(72, 'gul.tiwari1810@gmail.com', 'thanks sir now I feel amazing but sir anxiety me day 15 k bad Ka deta kyu nhi h ', 0, '2019-04-03 08:02:58'),
(73, 'roopsrajpoot@gmail.com', 'voice of the speakperson is not so good...i cant be able to focus on my inside portion of body....needs to improve a lot....nd also not a proper way to meditate someone..... I think your team should listen once headspace app first and then improve in your personal app .....', 0, '2019-04-11 05:41:08'),
(74, 'rakeshkumardubey3770@gmail.com', 'right ml', 0, '2019-04-18 05:49:00'),
(75, 'naveenkhatri895086@gmail.com', 'naveenkhatrinini\n', 0, '2019-04-20 18:40:06'),
(76, 'drchetanaggarwal2003@gmail.com', 'I love this app immensely ????????', 0, '2019-04-23 13:07:11'),
(77, 'sg53202@gmail.com', 'how change to day 2 from day 1 course ', 0, '2019-04-24 03:20:41'),
(78, 'prayagdatt12@gmail.com', 'nice 1', 0, '2019-04-25 05:46:25'),
(79, 'prayagdatt12@gmail.com', 'No 1', 0, '2019-04-25 05:46:52'),
(80, 'gul.tiwari1810@gmail.com', 'sir Mera redmi4a h aage ke session kb ayenge sab incomplete hai', 0, '2019-04-26 11:35:18'),
(81, 'keelkasr@gmail.com', 'good ', 0, '2019-04-29 01:06:50'),
(82, 'jagatghangas@gmail.com', 'jagat singh ghangas ', 0, '2019-04-29 08:53:44'),
(83, 'jagatghangas@gmail.com', 'jagat ghangas ', 0, '2019-04-29 08:54:17'),
(84, 'jagatghangas@gmail.com', 'AANA-PAANA ?? ??? ????? ?????? ', 0, '2019-04-29 08:55:39'),
(85, 'sachingupta7566@gmail.com', 'it\'s so helpful ??\n', 0, '2019-04-30 16:48:55'),
(86, 'kamblej815@gmail.com', 'I need to meditation', 0, '2019-05-14 08:33:13'),
(87, 'kamblej815@gmail.com', 'I need to self study ', 0, '2019-05-14 08:33:45'),
(88, 'kamblej815@gmail.com', 'I need to self study', 0, '2019-05-14 08:34:03'),
(89, '1546anu@gmail.com', 'very helpful ????????\n', 0, '2019-05-15 12:25:17'),
(90, '1546anu@gmail.com', 'app ko share kase krenge??', 0, '2019-05-15 12:26:33'),
(91, 'nikeshkumar12993@gmail.com', 'meditation', 0, '2019-05-19 22:44:45'),
(92, 'nikeshkumar12993@gmail.com', 'Meditation\n', 0, '2019-05-19 22:45:16'),
(93, 'inderjeet99kaur@gmail.com', 'in anxiety i did not recibe 11th day program.', 0, '2019-05-21 00:34:09'),
(94, 'sanju07076@gmail.com', 'sir is app me aap days delete karne ka options hona chahihye . ', 0, '2019-05-21 16:44:46'),
(95, 'adarsh.deori@gmail.com', 'not working Moto x', 0, '2019-05-22 11:13:46'),
(96, 'rajeshgrai@gmail.com', 'it is very silent... need some quite background music \n', 0, '2019-05-29 11:42:15'),
(97, 'amitmondal741505@gmail.com', 'good.', 0, '2019-06-01 13:54:35'),
(98, 'udaydabhi25@gmail.com', '(basic-1) On the third day not going beyond 35 seconds.', 0, '2019-06-02 03:14:53'),
(99, 'radhagaikwad49@gmail.com', 'radha gaikwad', 0, '2019-06-04 02:03:10'),
(100, 'paracalent@gmail.com', 'thanks', 0, '2019-06-09 03:12:30'),
(101, 'paracalent@gmail.com', 'thanks', 0, '2019-06-09 03:12:36'),
(102, 'neha80115@gmail.com', 'good\n', 0, '2019-06-10 01:24:37'),
(103, 'poojagoel1632@gmail.com', 'really relax in first day', 0, '2019-06-13 11:33:08'),
(104, 'angadrajebb47@gmail.com', 'bakwass app hai\n', 0, '2019-06-21 15:30:05'),
(105, 'atish.kalyankar100@gmail.com', 'not working in my phone\n\n', 0, '2019-06-22 11:37:34'),
(106, 'atish.kalyankar100@gmail.com', 'not working', 0, '2019-06-22 11:39:38'),
(107, 'sagar.b.mantri@gmail.com', 'app keeps crashing', 0, '2019-06-23 17:48:47'),
(108, 'poojagoel1632@gmail.com', 'mast meditation ', 0, '2019-06-26 01:25:35'),
(109, 'balrajkaushal9080@gmail.com', 'please update the all anxiety sessions\n as soon as possible\n', 0, '2019-06-26 01:47:43'),
(110, 'a@a.com', 'hello Testing\n', 0, '2019-06-29 13:13:46'),
(111, 'suman05188@gmail.com', 'suman05188@gmail.com', 0, '2019-07-03 06:34:44'),
(112, 'pujapuja88149@gmail.com', 'Sir mera sir me dard ho jata h\n\n', 0, '2019-07-07 01:24:25'),
(113, 'atish.kalyankar100@gmail.com', 'app do not work in my mobile', 0, '2019-07-08 04:05:18'),
(114, 'rishirajsharma7008@gmail.com', 'your app is very helpful for beginners ', 0, '2019-07-09 19:04:34'),
(115, 'rishirajsharma7008@gmail.com', 'your app is very helpful for beginners ', 0, '2019-07-09 19:04:36'),
(116, 'desaideva53@gmail.com', 'hood\n\n', 0, '2019-07-11 11:21:58'),
(117, 'fogla108@gmail.com', 'I like the app. this is hindi version of the headspace app. There is noise in the recording sound. it would be great if the background could have some soothing music or complete silence. ', 0, '2019-07-16 04:09:25'),
(118, 'vjay04vj@gmail.com', 'nice app', 0, '2019-07-19 02:38:01'),
(119, 'bhanuchahar29@gmail.com', 'i am in depression please help me, \n\n', 0, '2019-07-20 05:58:28'),
(120, '123harishparmar@gmail.com', 'Day2 kese  aayega\n', 0, '2019-08-01 02:58:05'),
(121, 'mukeshkumarsah72@gmail.com', 'apifen 400', 0, '2019-08-01 13:40:17'),
(122, 'a@a.com', 'ji am ajit\n', 0, '2019-08-01 14:09:15'),
(123, 'sanjivk38umar@gmail.com', 'nice \n', 0, '2019-08-04 12:46:51'),
(124, 'sanjivk38umar@gmail.com', 'nice \n', 0, '2019-08-04 12:46:53'),
(125, 'sanjivk38umar@gmail.com', 'nice \n', 0, '2019-08-04 12:46:54'),
(126, 'sanjivk38umar@gmail.com', 'nice \n', 0, '2019-08-04 12:46:56'),
(127, 'sanjivk38umar@gmail.com', 'nice \n', 0, '2019-08-04 12:46:58'),
(128, 'sanjivk38umar@gmail.com', 'nice \n', 0, '2019-08-04 12:47:01'),
(129, 'sanjivk38umar@gmail.com', 'nice \n', 0, '2019-08-04 12:47:02'),
(130, 'sanjivk38umar@gmail.com', 'nice \n', 0, '2019-08-04 12:47:04'),
(131, 'sanjivk38umar@gmail.com', 'nice \n', 0, '2019-08-04 12:47:06'),
(132, 'sanjivk38umar@gmail.com', 'nice \n', 0, '2019-08-04 12:47:30'),
(133, 'sanjivk38umar@gmail.com', 'nice \n', 0, '2019-08-04 12:47:32'),
(134, 'sanjivk38umar@gmail.com', 'nice \n', 0, '2019-08-04 12:47:33'),
(135, 'sanjivk38umar@gmail.com', 'nice \n', 0, '2019-08-04 12:47:36'),
(136, 'sanjivk38umar@gmail.com', 'nice \n', 0, '2019-08-04 12:47:38'),
(137, 'sanjivk38umar@gmail.com', 'nice \n', 0, '2019-08-04 12:47:40'),
(138, 'sanjivk38umar@gmail.com', 'nice \n', 0, '2019-08-04 12:47:43'),
(139, 'sanjivk38umar@gmail.com', 'nice \n', 0, '2019-08-04 12:47:45'),
(140, 'sanjivk38umar@gmail.com', 'nice \n', 0, '2019-08-04 12:47:48'),
(141, 'sanjivk38umar@gmail.com', 'nice \n', 0, '2019-08-04 12:47:50'),
(142, 'sanjivk38umar@gmail.com', 'nice \n', 0, '2019-08-04 12:47:54'),
(143, 'sanjivk38umar@gmail.com', 'nice \n', 0, '2019-08-04 12:47:55'),
(144, 'sanjivk38umar@gmail.com', 'nice \n', 0, '2019-08-04 12:47:57'),
(145, 'sanjivk38umar@gmail.com', 'nice \n', 0, '2019-08-04 12:47:58'),
(146, 'sanjivk38umar@gmail.com', 'nice \n', 0, '2019-08-04 12:48:00'),
(147, 'sanjivk38umar@gmail.com', 'nice \n', 0, '2019-08-04 12:48:02'),
(148, 'sanjivk38umar@gmail.com', 'nice \n', 0, '2019-08-04 12:48:04'),
(149, 'sanjivk38umar@gmail.com', 'nice \n', 0, '2019-08-04 12:48:06'),
(150, 'sanjivk38umar@gmail.com', 'nice \n', 0, '2019-08-04 12:48:08'),
(151, 'gurdeep9571@gmail.com', 'Best App Ever', 0, '2019-08-10 03:50:26'),
(152, 'ruchikaaggarwal55@gmail.com', 'very very nice nd easy', 0, '2019-08-18 13:07:11'),
(153, 'ravikalwaniya@gmail.com', 'good ', 0, '2019-08-19 06:24:36'),
(154, 'inderjeet99kaur@gmail.com', 'Only no.1 file is downloaded of relationship.....others not getting...kindly send full course.\n', 0, '2019-08-24 00:57:08'),
(155, 'inderjeet99kaur@gmail.com', 'kindly send the file of relationship from 2nd to .....I got only 1....1st.', 0, '2019-08-25 02:35:02'),
(156, 'ibrarshaikhh.8141@gmail.com', 'other coming soon please be fast I need one', 0, '2019-08-29 01:17:22'),
(157, 'manikpardhan6@gmail.com', 'manik', 0, '2019-08-31 09:33:21'),
(158, 'manikpardhan6@gmail.com', 'yoga', 0, '2019-08-31 09:34:21'),
(159, 'manikpardhan6@gmail.com', 'yoga', 0, '2019-08-31 09:34:38'),
(160, 'natvarlalklmn@gmail.com', 'it is the best ever app thanks for your effort to help by this medium', 0, '2019-09-24 06:02:43'),
(161, 'parkashkumar2501@gmail.com', 'parkash Kumar', 0, '2019-09-27 02:21:15'),
(162, 'parkashkumar2501@gmail.com', 'parkash Kumar Kumar', 0, '2019-09-27 02:21:37'),
(163, 'parkashkumar2501@gmail.com', 'parkash Kumar raj', 0, '2019-09-27 02:21:58'),
(164, 'biswajitta90@gmail.com', 'stress day2/3 upload place', 0, '2019-09-29 17:29:10'),
(165, 'prakashaher29@gmail.com', 'prakash aher', 0, '2019-09-30 06:53:24'),
(166, 'yaurajneupane22@gmail.com', 'I am new', 0, '2019-10-01 05:06:55'),
(167, 'dabhichirag243@gmail.com', 'plz add something new\n\n\n\n', 0, '2019-10-02 17:05:32'),
(168, 'yaurajneupane22@gmail.com', 'good I am form nepal\n', 0, '2019-10-07 18:29:20'),
(169, 'visitbhavnagupta@gmail.com', 'I want complete series', 0, '2019-10-08 08:59:16'),
(170, 'maliksolanki@gmail.com', 'nice', 0, '2019-10-11 02:57:36'),
(171, 'mecenere02@gmail.com', 'can you plz upload basic 1 second part\n', 0, '2019-10-14 03:26:10'),
(172, 'visitbhavnagupta@gmail.com', 'I want all sessions .This app is good', 0, '2019-10-16 07:29:00'),
(173, 'kcag59@gmail.com', 'very  good', 0, '2019-11-02 11:18:43'),
(174, 'yogesh.raghuwanshi07@gmail.com', 'good', 0, '2019-11-03 02:43:01'),
(175, 'chaudharilalit995@gmail.com', 'good...', 0, '2019-11-06 21:52:36'),
(176, 'ggokhulkumar@gmail.com', 'nigetive.think.ko.kaise.door.kare', 0, '2019-11-10 14:08:23'),
(177, 'sharmapraveenkumar1968@gmail.com', '????? ??? ?,? ?? ?????? ????? ???? ?? ????  ???? ?? ?? ??????? ??? ????? ????? ???? ???? ?? ??????? ????? ???? ???! ???? ?????? ???? ?? ???? ???? ???? ???? ?? ?? ????????? ?????? ?????? ???? ?? ???? ??? ????? ???? ?????? ?? ????? ???? ???? ?????? ?? ?????? ???? ???????.', 0, '2019-11-24 06:49:05'),
(178, 'jsankpal9293@gmail.com', 'good selection sirji ', 0, '2019-11-28 16:03:00'),
(179, 'dravirkumar123@gmail.com', 'fress', 0, '2019-12-05 16:57:44'),
(181, 'sharmasikar3@gmail.com', 'Nice Sir', 0, '2019-12-20 06:10:26'),
(182, 'nayanajpancholi@gmail.com', 'very good  \n', 0, '2019-12-23 01:59:07'),
(183, 'nayanajpancholi@gmail.com', 'very good  video ', 0, '2019-12-23 01:59:45'),
(184, 'gayshankar521@gmail.com', 'Faltu hai \n', 0, '2020-01-05 09:19:42'),
(185, 'gayshankar521@gmail.com', 'Time West ', 0, '2020-01-05 09:20:29'),
(186, 'hamidshaikh112998@gmail.com', 'No fap + meditation \nhona chaye no fap hard \nisliye ', 0, '2020-01-18 03:55:37'),
(187, 'digyapatil420@gmail.com', ' nice', 0, '2020-01-18 09:20:39'),
(188, 'vksrid1075@gmail.com', 'very nice app', 0, '2020-03-12 04:42:49'),
(189, 'kolapkarsanket@gmail.com', 'why this app is not play store \n', 0, '2020-03-27 01:01:32');

-- --------------------------------------------------------

--
-- Table structure for table `itf_group`
--

CREATE TABLE `itf_group` (
  `id` bigint(25) NOT NULL,
  `title` varchar(255) DEFAULT NULL,
  `status` tinyint(1) NOT NULL DEFAULT '1',
  `entry_date` timestamp NOT NULL DEFAULT CURRENT_TIMESTAMP
) ENGINE=MyISAM DEFAULT CHARSET=latin1;

--
-- Dumping data for table `itf_group`
--

INSERT INTO `itf_group` (`id`, `title`, `status`, `entry_date`) VALUES
(1, 'Foundation', 1, '2017-06-30 18:03:54'),
(2, 'Health', 1, '2017-06-30 18:04:32'),
(3, 'Performance', 1, '2017-06-30 18:04:32'),
(4, 'Relationship', 1, '2017-06-30 18:04:32');

-- --------------------------------------------------------

--
-- Table structure for table `itf_session`
--

CREATE TABLE `itf_session` (
  `id` bigint(25) NOT NULL,
  `group_id` bigint(25) NOT NULL,
  `title` varchar(255) DEFAULT NULL,
  `status` tinyint(1) NOT NULL DEFAULT '1',
  `orders` int(11) DEFAULT NULL,
  `cat_image` varchar(512) DEFAULT NULL,
  `entry_date` timestamp NOT NULL DEFAULT CURRENT_TIMESTAMP
) ENGINE=MyISAM DEFAULT CHARSET=latin1;

--
-- Dumping data for table `itf_session`
--

INSERT INTO `itf_session` (`id`, `group_id`, `title`, `status`, `orders`, `cat_image`, `entry_date`) VALUES
(1, 1, 'Basic (10 Minutes)', 1, 1, 'https://apps.itfosters.com/meditation/images/categories/basic1.png', '2017-06-30 18:05:27'),
(2, 1, 'Basic 2 (15 Minutes)', 1, 2, 'https://apps.itfosters.com/meditation/images/categories/basic2.png', '2017-06-30 18:05:27'),
(3, 1, 'Basic 3 (20 Minutes)', 1, 3, 'https://apps.itfosters.com/meditation/images/categories/basic3.png', '2017-06-30 18:07:44'),
(4, 2, 'Anxiety', 1, 4, 'https://apps.itfosters.com/meditation/images/categories/anxiety.png', '2017-06-30 18:07:44'),
(5, 2, 'Stress', 1, 5, 'https://apps.itfosters.com/meditation/images/categories/stress.png', '2017-06-30 18:07:44'),
(6, 2, 'Sleep', 1, 6, 'https://apps.itfosters.com/meditation/images/categories/sleep.jpg', '2017-06-30 18:07:44'),
(7, 2, 'Happiness', 1, 7, 'https://apps.itfosters.com/meditation/images/categories/happiness.png', '2017-06-30 18:07:44'),
(8, 2, 'Pregnancy', 1, 8, 'https://apps.itfosters.com/meditation/images/categories/pregnancy.png', '2017-06-30 18:07:44'),
(9, 2, 'Balance', 1, 9, NULL, '2017-06-30 18:07:44'),
(10, 2, 'Pain Management', 1, 10, 'https://apps.itfosters.com/meditation/images/categories/pain-management.png', '2017-06-30 18:07:44'),
(11, 3, 'Anger', 1, 11, NULL, '2017-06-30 18:07:44'),
(12, 3, 'Change', 1, 12, NULL, '2017-06-30 18:07:44'),
(13, 3, 'Restlessness', 1, 13, NULL, '2017-06-30 18:07:44'),
(14, 4, 'Self-esteem', 1, 14, NULL, '2017-06-30 18:07:44'),
(15, 4, 'Relationship', 1, 15, 'https://apps.itfosters.com/meditation/images/categories/relationship.png', '2017-06-30 18:07:44'),
(17, 3, 'Creativity', 1, 17, 'https://apps.itfosters.com/meditation/images/categories/creativity.png', '2018-06-06 06:43:43'),
(18, 3, 'Focus', 1, 18, 'https://apps.itfosters.com/meditation/images/categories/focus.png', '2018-06-08 07:56:11'),
(20, 4, 'Appreciation', 1, 20, NULL, '2018-06-08 08:01:46'),
(16, 4, 'Acceptance', 1, 16, NULL, '2018-06-08 08:03:35'),
(19, 4, 'Generosity', 1, 19, NULL, '2018-06-08 08:06:35');

-- --------------------------------------------------------

--
-- Table structure for table `itf_user_devices`
--

CREATE TABLE `itf_user_devices` (
  `id` bigint(25) NOT NULL,
  `user_id` bigint(20) NOT NULL DEFAULT '0',
  `deviceid` varchar(255) NOT NULL,
  `status` tinyint(1) NOT NULL DEFAULT '1',
  `created_at` timestamp NOT NULL DEFAULT CURRENT_TIMESTAMP,
  `updated_at` timestamp NOT NULL DEFAULT CURRENT_TIMESTAMP
) ENGINE=MyISAM DEFAULT CHARSET=latin1;

--
-- Dumping data for table `itf_user_devices`
--

INSERT INTO `itf_user_devices` (`id`, `user_id`, `deviceid`, `status`, `created_at`, `updated_at`) VALUES
(4, 4349, 'etmEyEqwEMI:APA91bGSyxRuFP-fLy9ByM1kmJhbE4KKe6DtDo5ei86vATUtHlKRxLAvl214oUGA_mRk42qy7IcuV3LksecXd6lfbIT9jhWPvLMd0Dqx3C-uArYLo0wRaxfBQQoytgIfzDrbhownUy6y', 1, '2020-04-06 15:11:36', '2020-04-06 15:11:36'),
(3, 24602, 'cBxPj65EQy4:APA91bHZgew0Q7zPHNLn368nwdaFCESLRM_rBsWsM0SKEcrCylTMZjN1Dbm3aGbXr3x67jkzTDTKdvU1iagZSRr9lrTgt0HLXmvt3hybCQOCikDYhd-xy7lUQtkIsiGICmCl5KL1_BF7', 1, '2020-04-06 14:46:56', '2020-04-06 14:46:56'),
(5, 1311, 'egK3csqKopU:APA91bHnSzxBAuR4Bzcoe7Qd9UQfPh0MLzAR_Onii4r_1m6T4a478_TCbIHznDXDUK8pFARZSzb39V_4VqfKwdTFkFRhBatATq4_qCdAS6VGm9HrkYqtmNEOpq8-f-OeGYZfINH6F5mn', 1, '2020-04-06 16:29:11', '2020-04-06 16:29:11');

-- --------------------------------------------------------

--
-- Structure for view `active_categories`
--

--
-- Indexes for dumped tables
--

--
-- Indexes for table `itf_feedbacks`
--
ALTER TABLE `itf_feedbacks`
  ADD PRIMARY KEY (`id`);

--
-- Indexes for table `itf_group`
--
ALTER TABLE `itf_group`
  ADD PRIMARY KEY (`id`);

--
-- Indexes for table `itf_session`
--
ALTER TABLE `itf_session`
  ADD PRIMARY KEY (`id`);

--
-- Indexes for table `itf_user_devices`
--
ALTER TABLE `itf_user_devices`
  ADD PRIMARY KEY (`id`);

--
-- AUTO_INCREMENT for dumped tables
--

--
-- AUTO_INCREMENT for table `itf_feedbacks`
--
ALTER TABLE `itf_feedbacks`
  MODIFY `id` bigint(20) NOT NULL AUTO_INCREMENT, AUTO_INCREMENT=190;

--
-- AUTO_INCREMENT for table `itf_group`
--
ALTER TABLE `itf_group`
  MODIFY `id` bigint(25) NOT NULL AUTO_INCREMENT, AUTO_INCREMENT=5;

--
-- AUTO_INCREMENT for table `itf_session`
--
ALTER TABLE `itf_session`
  MODIFY `id` bigint(25) NOT NULL AUTO_INCREMENT, AUTO_INCREMENT=21;

--
-- AUTO_INCREMENT for table `itf_user_devices`
--
ALTER TABLE `itf_user_devices`
  MODIFY `id` bigint(25) NOT NULL AUTO_INCREMENT, AUTO_INCREMENT=6;
COMMIT;

